0 - 83) + 70.
21
Evaluate 26 - -2 - (-363 + 370).
21
What is the value of (6 + (-14 - 0) + 7 - -8) + (0 - -63)?
70
What is 7 - 4 - 10 - (98 + -227 + -9 + 2)?
129
Evaluate 108 - (21 - (-10 - (5 + -18 + -16))).
106
What is -4 + (32 - 16 - -11) - 106?
-83
Evaluate 6 + (391 - 411) + (7 - 2) + (0 - 59).
-68
What is the value of -38 + 15 + (6 - 12) + 63 - (1 - -12)?
21
-28 + (-91 - -73 - 78)
-124
Calculate -2 - 16 - -33 - (1 + (1 - -4)).
9
Evaluate -74 + -2 + -6 + (-2 - 2) + 144 + -141.
-83
Evaluate (-9 - (42 - 17)) + 31.
-3
Evaluate 0 - 17 - 1 - (-1835 + 1824) - (-40 + 1).
32
Calculate -12 + -12 + 31 + -12 + -55 - 5.
-65
19 + (245 - 250) + (-4 - -2 - 139)
-127
6 + (-7 - (-1 - -6)) + 53 + -14
33
What is the value of (-29 - -11 - -5) + (8 - -4) + 13 - 79?
-67
What is the value of -28 + 2 - (-1580 + 1542)?
12
What is the value of (-70 + 59 - -21) + (-4 - 2) + 2 + 2?
8
Calculate -28 + (31 - -10) + -62 + 14.
-35
What is (-1 + 5 - (6 - 6)) + 2 + (-12 - -48)?
42
What is (0 - (-2 - 6)) + -4 + -5 + -1?
-2
4 + -3 + (9 - -34)
44
Calculate -6 + 10 - -23 - (32 - 78).
73
Calculate 1 + (22 - 25) - (-1 - (-7 - -7 - 100)).
-101
What is 75 - (-21 - (-48 - (-41 - -3)))?
86
What is the value of -42 + -24 + -4 - ((3 - -20) + -9)?
-84
66 + 0 - (17 + -13 + 12) - (1 - -7)
42
What is 3 + -1 + (8 + 18 + 15 - 18) + -146?
-121
Evaluate (6 - 38) + (10 - -13) - (0 + 1 - -5).
-15
What is the value of -49 + 43 + 28 - (-5 - (-20 - 5))?
2
What is the value of (0 - -61) + 0 + 28 + 2 + -30 + -3?
58
(10 - -21 - 32 - -24) + -29
-6
What is the value of -43 + 21 - (-8 + -6 - -5)?
-13
What is the value of (-2 - -62) + (4230 - 4286)?
4
Calculate -50 + 21 + -66 - (-6 - (3 + (11 - 6))).
-81
Evaluate (-4 - (-33 - -8)) + 6 + (-17 - -4) + -120.
-106
-107 + -9 + 15 + -172 + 184
-89
Calculate -27 + (-51 - -60 - (-5 - -16 - -6)).
-35
What is -21 - 2 - (19 + -99 - -29)?
28
Evaluate 10 - (25 - 43 - (13 + (-4 - 1))).
36
Calculate (-5 - ((8 - 7 - (7 + 0)) + 10)) + -30.
-39
What is (-1 + (23 - 8 - 21) - -28) + 20?
41
What is -1 + 71 + -1 + (-96 + -114 - -202)?
61
What is the value of (-15 - (67 + -54)) + -30?
-58
(-3 + 19 - (3 + 6 - 5)) + 7
19
What is the value of ((-1 + 28 - 3) + (-134 - -123) - 5) + 72?
80
What is the value of (-25 - -108 - 113) + 2?
-28
(25 + -8 - 7 - -104 - 10) + -58 + 58
104
Evaluate 3 + -17 - (-323 - -271).
38
Evaluate 18 + -28 + -8 + 150 - -14.
146
What is (-16 - -1) + 21 + -27 + -63 + 64?
-20
What is the value of 2 - 16 - (-22 + 1 + (-177 - -159))?
25
What is (2 - (-9 - 0)) + -137 + 118?
-8
What is (-31 - -20) + (-17 - (-50 - (-20 + 31)))?
33
Evaluate 90 + -91 + (3 - -2 - 26).
-22
What is the value of 40 + -42 - ((-76 - -216) + -4 + 2 + 0)?
-140
Calculate -22 + (-20 - 20) - (15 + -1).
-76
Evaluate -3 - (-9 + (8 + -4 - 6)) - 35.
-27
Evaluate -5 + (-1 - -3 - 5) + 84 + (-70 - -14).
20
-26 + 14 - 25 - 14
-51
What is (-2 - 32 - -43) + (-124 - (-1 + 6))?
-120
Calculate (1 - (2 - 1)) + -5840 + 5876.
36
Calculate 273 + (-16 - 100 - 19).
138
What is the value of (6 - ((-8 + -6 - -22) + -12 + 3)) + -79?
-72
What is (-139 - -153) + (3 - 40)?
-23
What is the value of 4 + 173 + -184 + (0 - -11)?
4
What is the value of 117 + (101 - 202) + (1 - -12)?
29
(-11 - (-6 + -5 - -6)) + (-27 - -61) + -4
24
Evaluate 7 - ((-9 - (18 - 3)) + -151 + 65).
117
-10 - (69 + (-7 - (7 + -1 + -30 + 22)))
-74
Evaluate 2 + 35 + -90 + 21 + 110.
78
What is the value of 247 + -155 - 100 - -141?
133
-187 - (37 + -160) - -81
17
What is the value of (0 - 0) + -1 - (54 - 35 - 5)?
-15
What is (23 - 128) + 91 - -20?
6
Calculate (3 - 2 - (37 - 89)) + 4 + 11.
68
Calculate -21 + (-10 - -28 - -18) - (-1 + 28) - -43.
31
What is the value of 37 + (-27 - -15) + 21 + -10?
36
Calculate 11 + -1 + (-70 - -34 - -38).
12
What is (333 - 369) + 5 + -5?
-36
Calculate 25 + 136 + -195 + 57.
23
Calculate 77 + (-20 - (4 - -51)).
2
Calculate (-84 + -2 - (-20 + 44 + -34)) + (-4 - 0).
-80
What is the value of 15 + -3 - (-23 + (-14 + 173 - 26))?
-98
Evaluate 58 - 66 - (4 + 26).
-38
Evaluate 112 + (-1 - 15) + (0 - -4) + -2 + 5.
103
Calculate (-4 - -5 - ((-31 - 28) + 19)) + 4.
45
What is 0 + -1 + -5 - (1 + 53 - (8061 - 8024))?
-23
What is the value of -13 + 2 - (-69 + 78 + (3 - 4) + 9)?
-28
Evaluate -67 + 4 - 6 - (4 - (7 - 9)).
-75
What is (-40 - 20) + 68 - (2 + -3)?
9
Calculate 9 + (42 + -42 - (-7 + -6)) + -13.
9
Evaluate (-8 - (53 - 34)) + -79.
-106
What is -14 - (-1 - (63 + -52 - (-1 + 2) - 1))?
-4
What is the value of 41 + -14 + -2 - 49 - 51?
-75
(-76 - -76) + -19 + -53
-72
What is (-101 - -77 - -57) + (2 - -9)?
44
Calculate 0 + 19 + 160 + -142 + (-6 + -10 - 1).
20
Calculate -6 + -2 + (-1 + -18 + -3 - -17).
-13
What is -520 + 513 - (-15 - 127)?
135
Calculate (-8 - 0) + (-145 - -181) + 11 + (-3 - 2).
34
What is the value of -44 + 19 + 29 + -12 + -11?
-19
Calculate -21 + 8 + -51 + 26 + -37.
-75
What is 35 + -50 + (29 - -1) - 45?
-30
Calculate -2 - (7 + (2 - 4) - (451 + -446)).
-2
(41 - (11 - 3)) + (10 - -29)
72
Calculate (-42 + 45 - 8) + 1 + -5 + (-36 - -1).
-44
What is -106 - (41 + -140) - 42?
-49
What is the value of 51 - (10 + 24 - -9)?
8
(-51 - -33) + (6 - 4) + 7 + 10
1
What is the value of (131 - 127) + -1 + 0 + 21?
24
What is 34 - 56 - -84 - (-1 + 3 - (5 - -9))?
74
-75 - (-124 + 108) - (3 + -42)
-20
What is the value of (61 - 19 - (-90 + 222)) + (-2 - (-4 + 2))?
-90
(-31 + 4 - (-21 + 14)) + 2
-18
Calculate 22 + -13 + 7 + (-3 - (-2 - 4)).
19
(48 - 94) + -12 + -46
-104
Calculate (6 + 12 - 31) + 16 - -38.
41
What is (1 - 23) + -553 + 583 - -8?
16
Calculate -14 - (122 - (96 - 37)) - (2 - -10).
-89
Evaluate -15 + -8 - -53 - 25.
5
Calculate (-3 - (2 + -5)) + 16 - (16 - (-35 - -47)).
12
What is (4 - (6 + 12 + -46)) + (-3 - (1 + -4))?
32
Calculate 231 - 252 - (-69 + 0 + -1).
49
Evaluate 217 - (119 + -22) - (1 - -25).
94
Evaluate (1 - (5 + -43 - -21)) + -34 + 9.
-7
What is the value of (-3 - -85) + 17 + -88 + 25?
36
Calculate 32 - (4 - (1 + (38 - 32))).
35
What is -1 - ((-19 - -21) + 11 + -35)?
21
-37 - (31 + -50 - (-14 + 2)) - -14
-16
Evaluate -2 + -88 + 5666 + -5614.
-38
Calculate -24 + (-19 - (8 - 20) - 15).
-46
What is the value of 44 + -24 + -71 + 87?
36
(-25 - -1 - -10) + 20 + 43 - (1 - -12)
36
What is 1 + 125 - (132 + -47 + -44)?
85
What is the value of -769 + 844 - (61 - -1)?
13
2 - -47 - (-316 - -367)
-2
7 + (-85 - (-32 + 12) - -17)
-41
What is -21 + (-15 - -4) + (-2 - 8)?
-42
Evaluate 16 + -63 + 121 + 23.
97
What is the value of -5 + (46 - (-21 - -11 - (32 + -58)))?
25
11 + 29 + -22 + 12 + 70
100
Evaluate 1 - (1 - 4) - (-95 + 90 + 34 + -5).
-20
What is the value of -30 - (-8 + (-33 - -27)) - (11 - 2)?
-25
Calculate 28 - (-13 + 110 + -45).
-24
What is 31 + -82 + -13 + 3 + 10 - 0?
-51
-32 + (30 - (23 - 0) - -28)
3
Evaluate (2412 - 2467) + (2 - -55).
2
Evaluate 33 + -3 + (23 - 1 - (-88 - -98)).
42
Calculate -34 + 1 + -4143 + 4196.
20
Evaluate -3 + -22 + 29 + -2 + -2 + -55 + 77.
22
(-1 - -4) + -3 + (-46 - (-49 - -36))
-33
What is 51 - (-17 - (-84 + 98 + (-16 - 0)))?
66
What is the value of 2 - 13 - (-72 + -6 + -7 + -48 + 27)?
95
(20 + -37 - 20) + (0 - 5) + -3
-45
Calculate -94 + (119 - (-66 + 112)).
-21
What is (8 - 8) + (21 - 3) + -1 + 36?
53
Calculate 51 - (2 - 19) - 131.
-63
-1 + 9 - -5 - (64 - 33)
-18
Calculate (-410 - -369) + (5 - 3).
-39
Calculate -71 + 85 - (-10 - (3 + -1)).
26
What is 12 - -1 - (8715 - 8694)?
-8
Evaluate -113 + 114 + -10 + 29 + -1.
19
What is the value of 27 + (91 - (73 - 25)) + -25?
45
(5 - (13 + -13 + 7)) + 78 + -2 - 8
66
What is -2 - (21 + (15 - 22)) - 37?
-53
1 + (-2 + 0 - 12) - 3 - (-27350 + 27311)
23
What is 0 - ((54 - 23) + -55) - -26?
50
What is the value of -13 + -1 - (-42 + (60 - (13 + 36)))?
17
Calculate 44 + (-33 - 15) + 19.
15
Calculate (-1 - (0 + 3)) + (-42 - -34).
-12
What is the value of -3 - (-4 - (-6 + 15)) - (-1 + 5 + -16)?
22
What is 58 + (-12 - (22 + -17)) + 0 + -8 - -10?
43
What is the value of -7 + 115 + (-27 - 32)?
49
-99 - (-102 + 137 + 18)
-152
Evaluate (23826 - 23872) + (122 - 1).
75
-6 + -43 - (5 + (18 - 29))
-43
Evaluate (-24 - (6 - 23)) + 30 - 108.
-85
What is 20 + (1 - (58 + -17)) + 38?
18
(9 - 7 - (45 + -1)) + -656 + 659
-39
11 - (10 - (17 + 9 + 4) - -12)
19
6 - (-8 + 6 + -4 + -5 - -1)
16
-64 + -69 - -109 - (0 + -55)
31
Calculate (6 + 18 - 30) + -24 + -41.
-71
What is the value of 1 